{"id":371,"date":"2017-03-17T15:18:00","date_gmt":"2017-03-17T14:18:00","guid":{"rendered":"https:\/\/icde2018.aau.dk\/?page_id=371"},"modified":"2017-03-20T11:01:06","modified_gmt":"2017-03-20T10:01:06","slug":"sightseeing","status":"publish","type":"page","link":"https:\/\/icde2018.aau.dk\/index.php\/sightseeing\/","title":{"rendered":"Sightseeing"},"content":{"rendered":"<p class=\"icdeparagraph\">Paris, France&#8217;s capital, is a major European city and a global center for art, fashion, gastronomy and culture. Its picturesque 19th-century cityscape is crisscrossed by wide boulevards and the River Seine.<\/p>\n<table class=\"sightseeing\">\n<tbody>\n<tr>\n<td><img loading=\"lazy\" decoding=\"async\" class=\"alignnone size-medium wp-image-375\" src=\"https:\/\/icde2018.aau.dk\/wp-content\/uploads\/2017\/03\/paris-2029151_640-200x300.jpg\" alt=\"\" width=\"200\" height=\"300\" srcset=\"https:\/\/icde2018.aau.dk\/wp-content\/uploads\/2017\/03\/paris-2029151_640-200x300.jpg 200w, https:\/\/icde2018.aau.dk\/wp-content\/uploads\/2017\/03\/paris-2029151_640.jpg 426w\" sizes=\"auto, (max-width: 200px) 85vw, 200px\" \/><br \/>\n<b>Eiffel Tower<\/b><\/td>\n<td><img loading=\"lazy\" decoding=\"async\" class=\"alignnone size-medium wp-image-377\" src=\"https:\/\/icde2018.aau.dk\/wp-content\/uploads\/2017\/03\/arc-de-triomphe-101632_640-225x300.jpg\" alt=\"\" width=\"225\" height=\"300\" srcset=\"https:\/\/icde2018.aau.dk\/wp-content\/uploads\/2017\/03\/arc-de-triomphe-101632_640-225x300.jpg 225w, https:\/\/icde2018.aau.dk\/wp-content\/uploads\/2017\/03\/arc-de-triomphe-101632_640.jpg 480w\" sizes=\"auto, (max-width: 225px) 85vw, 225px\" \/><br \/>\n<b>Arc de Triomphe<\/b><\/td>\n<td><img loading=\"lazy\" decoding=\"async\" class=\"alignnone size-medium wp-image-378\" src=\"https:\/\/icde2018.aau.dk\/wp-content\/uploads\/2017\/03\/basilica-259903_640-218x300.jpg\" alt=\"\" width=\"218\" height=\"300\" srcset=\"https:\/\/icde2018.aau.dk\/wp-content\/uploads\/2017\/03\/basilica-259903_640-218x300.jpg 218w, https:\/\/icde2018.aau.dk\/wp-content\/uploads\/2017\/03\/basilica-259903_640.jpg 465w\" sizes=\"auto, (max-width: 218px) 85vw, 218px\" \/><br \/>\n<b>Sacr\u00e9 Coeur<\/b><\/td>\n<\/tr>\n<\/tbody>\n<\/table>\n<p class=\"icdeparagraph\">Essential Parisian attractions are <b>architectural landmarks<\/b> such as the 12th-century, Gothic Notre-Dame cathedral, Montmartre and the Arc de Triomphe; world-famous art museums such as the Louvre, the Mus\u00e9e d\u2019Orsay holding major Impressionist masterpieces, Mus\u00e9e Rodin, and the Beaubourg Museum of Modern Art (Centre Pompidou).<\/p>\n<p align=\"justify\">Yet far from being a historic relic, Paris is a <b>lively, vibrant city<\/b>, with a strong culture of eating and drinking out in caf\u00e9s and restaurants attending to every taste and purse; it had been noted that French people are going out more, not less, following the unfortunate <a href=\"http:\/\/www.nytimes.com\/interactive\/2015\/11\/24\/travel\/paris-tourism-terror-attack.html\" target=\"_blank\">events of November 2015<\/a>.<\/p>\n<p align=\"justify\"><b>Seine\u2019s Left Bank <\/b> stands out as the Babylon of beautiful things, where browsing through the pages of a fashion magazine or an art revue is an art in itself. This elegant world is sprinkled with chic and shock fashion designers, art galleries, antique galleries, literary caf\u00e9s, and publishing houses with a whole string of prizes. The area includes the <b>Acad\u00e9mie Fran\u00e7aise, the Th\u00e9\u00e2tre de l\u2019Od\u00e9on, the Beaux-Arts, the Mus\u00e9e d\u2019Orsay<\/b>, not to mention, Montparnasse which, during The Roaring Twenties, was a Mecca for artists from all over the world, before drawing them to Saint-Germain. In this area, art spills over the threshold of museum-workshops and boutiques, from rue Saint-Andr\u00e9-des-Arts to avenue de l\u2019Observatoire, the Luxembourg gardens, the parks of Montsouris, Georges-Brassens and the Jardin Atlantique.<\/p>\n<table class=\"sightseeing\">\n<tbody>\n<tr>\n<td><img loading=\"lazy\" decoding=\"async\" class=\"alignnone size-medium wp-image-385\" src=\"https:\/\/icde2018.aau.dk\/wp-content\/uploads\/2017\/03\/palace-of-the-luxembourg-498305_640-300x200.jpg\" alt=\"\" width=\"300\" height=\"200\" srcset=\"https:\/\/icde2018.aau.dk\/wp-content\/uploads\/2017\/03\/palace-of-the-luxembourg-498305_640-300x200.jpg 300w, https:\/\/icde2018.aau.dk\/wp-content\/uploads\/2017\/03\/palace-of-the-luxembourg-498305_640.jpg 640w\" sizes=\"auto, (max-width: 300px) 85vw, 300px\" \/><br \/>\n<b>Jardin de Luxembourg<\/b><\/td>\n<td><img loading=\"lazy\" decoding=\"async\" class=\"alignnone size-medium wp-image-386\" src=\"https:\/\/icde2018.aau.dk\/wp-content\/uploads\/2017\/03\/seine-river-999969_640-300x168.jpg\" alt=\"\" width=\"300\" height=\"168\" srcset=\"https:\/\/icde2018.aau.dk\/wp-content\/uploads\/2017\/03\/seine-river-999969_640-300x168.jpg 300w, https:\/\/icde2018.aau.dk\/wp-content\/uploads\/2017\/03\/seine-river-999969_640.jpg 640w\" sizes=\"auto, (max-width: 300px) 85vw, 300px\" \/><br \/>\n<b>Seine riverbanks<\/b><\/td>\n<\/tr>\n<\/tbody>\n<\/table>\n<p class=\"icdeparagraph\"><b>Following the Seine through Paris<\/b> is a way of enjoying a thousand different escapades on the river, its bridges and islands. Daytime or nighttime, Left Bank or Right Bank, the buzz of activity along the quaysides mixes with the lapping of the waves. There are any number of ways to relax \u2013 aboard a boat, cycling, walking briskly, sauntering lazily, or working out, dining, dancing on barges, exploring an area between two exhibitions, taking a post-shopping break, or basking in the sun. The riverbanks are classed as a world heritage site by Unesco.<\/p>\n<p class=\"icdeparagraph\"><b>The Marais district combines a whirl of creative design<\/b> with the delights of the Jewish Quarter, around rue des Rosiers, and a magnificently preserved historic centre. Busy streets give way to tiny enclosed squares, gardens and numerous museums, including the Carnavalet, Picasso and the National Archives, housed in mansion houses that rival each other in splendor.<\/p>\n<p align=\"justify\">Paris would not be itself without its <b>people<\/b>. The median age of Parisians is lower than in the rest of the country, as many students and young single professionals live and work here. Paris is also considered <b>the most diverse city in Europe<\/b>, and it is estimated that around 23% of the population migrated to Paris sometime after they were born. Many of these people also immigrated to France. 20% of the Parisian population is known as first generation immigrants, and at least 40% of children who live in Paris have one parent who was a first generation immigrant. This is one of the reasons why food, culture, and fashion reflect countless influences, with bright ideas and trends.<\/p>\n<h2>Getting around CNAM by foot (or <a href=\"http:\/\/europeforvisitors.com\/paris\/articles\/paris-bike-rentals.htm\">bike<\/a>)<\/h2>\n<p><img loading=\"lazy\" decoding=\"async\" class=\"alignnone wp-image-404 size-full\" src=\"https:\/\/icde2018.aau.dk\/wp-content\/uploads\/2017\/03\/attractions.png\" alt=\"\" width=\"1019\" height=\"369\" srcset=\"https:\/\/icde2018.aau.dk\/wp-content\/uploads\/2017\/03\/attractions.png 1019w, https:\/\/icde2018.aau.dk\/wp-content\/uploads\/2017\/03\/attractions-300x109.png 300w, https:\/\/icde2018.aau.dk\/wp-content\/uploads\/2017\/03\/attractions-768x278.png 768w\" sizes=\"auto, (max-width: 709px) 85vw, (max-width: 909px) 67vw, (max-width: 1362px) 62vw, 840px\" \/><\/p>\n<ul>\n<li><a href=\"http:\/\/www.louvre.fr\/llv\/commun\/home.jsp?bmLocale=en\">Louvre Museum<\/a><\/li>\n<li><a href=\"http:\/\/www.musee-picasso.fr\/homes\/home_id23982_u1l2.htm\">Paris Picasso Museum<\/a><\/li>\n<li><a href=\"http:\/\/en.wikipedia.org\/wiki\/Le_Marais\">Le Marais<\/a><\/li>\n<li><a href=\"http:\/\/en.wikipedia.org\/wiki\/Rue_Montorgueil\">Rue Montorgueil<\/a><\/li>\n<li><a href=\"http:\/\/en.wikipedia.org\/wiki\/H%C3%B4tel_de_Ville,_Paris\">The H\u00f4tel de Ville<\/a><\/li>\n<li><a href=\"http:\/\/en.wikipedia.org\/wiki\/Place_de_la_R%C3%A9publique\">The Place de la R\u00e9publique<\/a><\/li>\n<li><a href=\"http:\/\/en.wikipedia.org\/wiki\/Canal_Saint-Martin\">Canal Saint-Martin<\/a><\/li>\n<li><a href=\"http:\/\/en.wikipedia.org\/wiki\/Place_Vend%C3%B4me\">Place Vend\u00f4me<\/a><\/li>\n<\/ul>\n","protected":false},"excerpt":{"rendered":"<p>Paris, France&#8217;s capital, is a major European city and a global center for art, fashion, gastronomy and culture. Its picturesque 19th-century cityscape is crisscrossed by wide boulevards and the River Seine. Eiffel Tower Arc de Triomphe Sacr\u00e9 Coeur Essential Parisian attractions are architectural landmarks such as the 12th-century, Gothic Notre-Dame cathedral, Montmartre and the Arc &hellip; <a href=\"https:\/\/icde2018.aau.dk\/index.php\/sightseeing\/\" class=\"more-link\">Continue reading<span class=\"screen-reader-text\"> &#8220;Sightseeing&#8221;<\/span><\/a><\/p>\n","protected":false},"author":4,"featured_media":0,"parent":0,"menu_order":0,"comment_status":"closed","ping_status":"closed","template":"","meta":{"footnotes":""},"class_list":["post-371","page","type-page","status-publish","hentry"],"_links":{"self":[{"href":"https:\/\/icde2018.aau.dk\/index.php\/wp-json\/wp\/v2\/pages\/371","targetHints":{"allow":["GET"]}}],"collection":[{"href":"https:\/\/icde2018.aau.dk\/index.php\/wp-json\/wp\/v2\/pages"}],"about":[{"href":"https:\/\/icde2018.aau.dk\/index.php\/wp-json\/wp\/v2\/types\/page"}],"author":[{"embeddable":true,"href":"https:\/\/icde2018.aau.dk\/index.php\/wp-json\/wp\/v2\/users\/4"}],"replies":[{"embeddable":true,"href":"https:\/\/icde2018.aau.dk\/index.php\/wp-json\/wp\/v2\/comments?post=371"}],"version-history":[{"count":13,"href":"https:\/\/icde2018.aau.dk\/index.php\/wp-json\/wp\/v2\/pages\/371\/revisions"}],"predecessor-version":[{"id":406,"href":"https:\/\/icde2018.aau.dk\/index.php\/wp-json\/wp\/v2\/pages\/371\/revisions\/406"}],"wp:attachment":[{"href":"https:\/\/icde2018.aau.dk\/index.php\/wp-json\/wp\/v2\/media?parent=371"}],"curies":[{"name":"wp","href":"https:\/\/api.w.org\/{rel}","templated":true}]}}